). Let x = -30 + 442. Suppose c*s - x = 2941. Is s prime?
True
Suppose 99 = -12*h + 3. Is 4311/2 + 4/h composite?
True
Let h(x) = -12094*x - 47. Is h(-7) a prime number?
False
Suppose 0 = 3*n - 665 - 217. Let q(i) = i**3 - 3*i + 1. Let u be q(4). Let k = n + u. Is k a composite number?
False
Let x(n) = -830*n**3 - 12*n**2 - 10*n + 1. Let r be x(-1). Let s = 1478 - r. Is s a composite number?
True
Let l = -12345 - -35482. Is l composite?
True
Suppose -40*v + 5254513 - 177179 + 5914706 = 0. Is v composite?
True
Let a = 32197 + 9090. Suppose -26*o = 2*y - 27*o - 41289, 0 = 2*y - 3*o - a. Is y composite?
True
Suppose 0 = -27*h + 21*h + 13386. Suppose -3*n - h = -4*n. Is n prime?
False
Let z = 6614 - 6493. Let v(l) = l**3 + 12*l**2 + 3*l - 8. Let h be v(-6). Let d = h - z. Is d prime?
False
Suppose -4*l = -16 - 4. Suppose 2891 = -l*i + 986. Let d = -250 - i. Is d a composite number?
False
Let z = 11 + -3. Suppose z*p - 6 = 6*p. Suppose -106 = -t - m + 28, -408 = -p*t - 5*m. Is t a composite number?
False
Let x(g) be the third derivative of 209*g**6/360 - g**5/40 - g**4/8 - 2*g**3 + 15*g**2. Let d(o) be the first derivative of x(o). Is d(-2) a composite number?
False
Suppose -2*j + 10 = -3*y - 4, -5*y = 10. Suppose -3*w + 3*g = -5*w + 2, j = 2*g. Is -1 - -311 - w/(12/(-18)) composite?
False
Let f = 131 + -108. Suppose -f*k = -38*k + 68385. Is k a prime number?
False
Let l(y) = 77*y**2 - 2*y - 14. Let f be -3 + 3 + -3 + -34 + 1. Let a = f - -41. Is l(a) prime?
True
Let s(t) = 6*t**2 + 5*t - 6. Suppose 11*y - 13*y - 14 = 0. Is s(y) a composite number?
True
Suppose 0 = -1775*c + 1783*c - 2059672. Is c prime?
True
Let i be -4 + ((-24)/(-4))/1. Suppose -q + 3*q = i*j - 4612, 6936 = 3*j + 3*q. Is j a prime number?
True
Let a(j) = 74*j - 19. Let z = -152 + 176. Is a(z) prime?
False
Suppose o + 3*y = -1032, -2*o + y = -4*y + 2042. Suppose -3*l + 128 + 177 = -b, -5*l = b + 289. Let r = b - o. Is r prime?
True
Let s = 8 + -101. Let f = s - -162. Let o = -32 + f. Is o composite?
False
Is 896/(-224) - (-1 - 4*8443) prime?
True
Let d(j) = 6*j - 28. Let c be d(-9). Let v = c + 145. Suppose -v = -s + 524. Is s a composite number?
False
Let q be 2/6 - 115/(-15). Suppose q*n = -5226 + 44194. Is n composite?
False
Let d(o) = -26*o - 27. Let k(r) = -7*r. Suppose 5*z - 4*n = n, 0 = -2*z + 4*n - 4. Let t be k(z). Is d(t) composite?
False
Suppose -2*d - 8*h - 9 = -11*h, -3*h = 15. Let o(s) = -s**3 + 11*s**2 + 24*s - 53. Is o(d) prime?
True
Suppose 6*z + z - 1134676 = 3*z. Is z composite?
False
Is (82975/(-10) - 4)/(((-76)/8)/19) a composite number?
False
Suppose 0 = 5*p - 20, -4*c + 3*p = -3*c - 193271. Is c a prime number?
True
Let p(m) = -m**3 + m**2 - 1. Let v be p(0). Let k be v + (2 - (8*-1)/4). Suppose -7*j - k*o - 5245 = -12*j, 0 = 2*o. Is j a composite number?
False
Suppose 5*y + 3*j - 5*j - 43 = 0, -48 = -4*y + 5*j. Let m be (1056/y)/((-26)/(-637)). Suppose 5*w - f + m = 9989, 4*f - 1267 = -w. Is w a composite number?
False
Suppose 14*v = -118 + 104. Is (v - -3)*22694/28 a prime number?
True
Let s(c) = 244*c + 18. Let h be s(5). Let g = -553 + h. Is g prime?
False
Suppose 3*i - 913217 = -2*s + 740688, -5*i + 2*s + 2756535 = 0. Is i a composite number?
True
Is ((-885668927)/(-44))/109 - (3/4)/(-1) prime?
True
Let o(f) = 2996*f**3 + 8*f - 23. Is o(3) composite?
True
Suppose -24*r - 124407450 = -474*r. Is r a composite number?
False
Is ((-38)/(-38))/(11/7659773) a prime number?
True
Let x(s) = -2*s**3 + 6*s**2 - 2*s + 1. Let c be x(6). Let u = c - -1413. Is u/5 - (-6)/(-30) prime?
False
Let s = -320 + 327. Let n(g) = 90*g**3 - 2*g**2 + 4*g + 29. Is n(s) a prime number?
True
Let j(k) = -2*k**2 + 24*k + 4. Let f be j(13). Let g(z) = -z**3 - 30*z**2 - 4*z - 18. Let a be g(f). Is 2/(-3) - a*3/18 a prime number?
False
Let a = 3784 + 19209. Is a a composite number?
False
Let g(f) = 42*f**2 + 54*f + 869. Is g(-67) prime?
True
Let p(m) = -28*m + 200. Let f be p(7). Is (5 - f)*(-4)/(12/(-573)) a composite number?
False
Suppose 6*v - z + 9 - 28 = 0, -5*z = -25. Is 5/50*815*v a composite number?
True
Suppose 67*w - 71*w = -14136. Suppose -w = -14*s + 17*s. Let x = s - -2009. Is x a composite number?
True
Suppose -3*o + 287 = -42490. Let s = o - 5996. Is s a prime number?
True
Let n(y) = 4263*y**2 + 20*y - 68. Is n(3) a composite number?
True
Suppose 0 = 17*w - 15*w - 424. Let i = 11 - 14. Is (i - 52/(-16))*w a composite number?
False
Suppose -225 = -6*w + 11*w. Let h be 3*3/2*(-20)/w. Let p(z) = 266*z + 3. Is p(h) a composite number?
True
Suppose -11*i + 168946 - 67779 = 0. Is i a prime number?
False
Let y(o) = -2*o**3 - o**2 - 4*o - 4. Let g be y(-2). Suppose -3*u + g = 4*k, 4*k = 4*u + 2*k - 14. Suppose u*t + 5*q - 2*q = 445, 0 = q + 5. Is t composite?
True
Suppose 107840 = 6*s + 14*s. Let j = 12461 - s. Is j a composite number?
False
Let u = -93589 + 228203. Is u a composite number?
True
Is 1981624/20 - 3 - (-20)/25 composite?
False
Suppose 10*x - 8*x = 2. Suppose -x = -3*n + 2. Is (n - 8)*((-1)/(-1) - 20) a prime number?
False
Let u(k) be the third derivative of 2*k**5/15 - 7*k**4/24 + 3*k**3/2 - 16*k**2. Let z be u(6). Suppose -2*l + 5*l = z. Is l composite?
True
Suppose -4*m + 24 = 4*c, 2*c + m + 2*m = 14. Suppose 4*l + 0 = c, -4*l = -3*y + 671. Let z = y - 130. Is z composite?
True
Suppose -46215*g = -46222*g + 1543129. Is g a composite number?
False
Suppose 0 = 3*i + 10 - 16. Suppose 0 = 2*z - i, -4*m - 4*z = -7*m + 134. Suppose -180 + m = -2*g. Is g a composite number?
False
Suppose -5*d + 214*c = 209*c - 68245, -d + 13652 = -2*c. Is d composite?
True
Suppose -3*j + 2*c = -51 - 35, 0 = j + 5*c - 57. Suppose -4 - j = -9*n. Suppose -n*r - 6449 = -4*x - x, x = -4*r + 1309. Is x a prime number?
False
Is 66 + -62 + -2 + -1 + -2 + 114108 prime?
False
Suppose -14*z + 13*z + 3*a + 505157 = 0, z - 10*a = 505157. Is z composite?
False
Let m(r) = 1671*r**3 + r**2 - r. Let z(n) = n**3 + n**2 - 2*n + 1. Let s be z(1). Is m(s) prime?
False
Let z be (40/(-30))/(2/5136 - 0). Let n = -1221 - z. Is n a prime number?
True
Let u(k) = -k**3 + 9*k**2 + 5*k - 26. Let a be u(5). Let f = 779 + a. Is f prime?
False
Let w(n) be the third derivative of n**5/4 + n**4/6 + n**3/6 - 2*n**2. Let b be 900/144 - (-2)/(-8). Is w(b) composite?
True
Is (-61)/(-1281) - (-203090470)/105 a composite number?
True
Suppose -a - 5810 + 1201 = -3*i, 0 = 4*a - 8. Suppose 11*u = 10*u + i. Is u composite?
True
Suppose 3*r - 2*l = 7*l + 516489, 4*l + 860771 = 5*r. Is r composite?
True
Let i = 20272 + -12122. Suppose 0 = 3*v - 12, 4*l - i - 14978 = -3*v. Is l prime?
True
Let r = 60776 + 1331. Is r composite?
True
Let r be 4*42/24 - -5. Suppose j - 3275 = 2*h, 2*h + 16359 = r*j - 7*j. Is j prime?
True
Suppose -2*q = 29 - 33, 4*q = 2*x - 361178. Is x composite?
True
Let t(g) = -4041*g - 1. Is t(-30) prime?
True
Let j be 2*(171/(-18))/(-19)*(-13999 - -1). Suppose 0 = -4*p - 0*p - 8. Is (p/(-3))/(2/j*-2) composite?
False
Let v = 11 - -19. Let i = 2540 - 2544. Is (v/i + 4)/(1/(-2)) composite?
False
Let m(y) = 1497*y + 2089. Is m(58) a prime number?
False
Let f(d) = d**3 - 23*d**2 + 25*d + 20. Suppose 47 - 79 = 2*w. Let g = 38 + w. Is f(g) a prime number?
False
Let u(w) = -1376*w + 81. Let n be u(-18). Suppose -3*y = 3*a - n, -6*y + 2*a + 16582 = -4*y. Is y prime?
True
Let n(t) = 115*t**2 + 6*t + 14. Let z(a) = -a**2 - a. Let u(g) = n(g) - 4*z(g). Is u(-5) composite?
False
Let f(i) = i**3 - 39*i**2 + 41*i - 13. Is f(58) a composite number?
True
Let w(p) = 4*p - 4. Let z(o) = 2*o**3 + 2*o**2 - 3*o + 3. Let b be z(-2). Let m be w(b). Suppose -a + 1117 = -m*a. Is a composite?
False
Suppose -2*j - 3*c + 12 = 0, 4*j + 0*c + c - 34 = 0. Suppose 22239 = -j*f - 6624. Let h = f - -6146. Is h a composite number?
False
Suppose -472 = -3*p + 7*p + 2*n, -n + 236 = -2*p. Let t = p - -201. Is t a composite number?
False
Let h = 13 - -5. Let b = -19 + h. Is 1*4 - (-20 + b) prime?
False
Suppose 142*f - 76222579 - 132707886 = -63*f. Is f a prime number?
True
Let g(m) = -m**2 - 3*m + 51. Let r be g(-6). Suppose -23*x - 87170 = -r*x. Is x prime?
False
Suppose 0 = -5*i + 4*x + 2 + 90, -33 = -3*i - 5*x. Suppose -4*j = 3*u - 47, i = 2*j + 4*u - 0*u. Suppose j*s = 20*s - 31566. Is s a prime number?
True
Is (-16)/6 + 440303/3 + 9 prime?
False